he first derivative of w(j). Determine n(5).
5
Let o(k) = -23*k**2 - 2*k - 2. Let h(f) be the first derivative of -11*f**3/3 - f**2/2 - f - 22. Let r(l) = 5*h(l) - 2*o(l). Calculate r(-1).
-9
Let u(q) be the second derivative of -q**3/3 + 6*q**2 - 20*q + 13. What is u(3)?
6
Let h(p) = -1. Let m(k) = -k - 1. Let u(j) = -6*h(j) + 7*m(j). Let g(l) = -54*l**2 + 322*l + 13. Let r be g(6). Give u(r).
-8
Let z(g) = 6*g**3 + g**2. Let u(j) = -23 + j + 8 - 4. Let x be u(18). What is z(x)?
-5
Let s(g) be the third derivative of -5*g**4/24 - 16*g**2 - 3. Calculate s(0).
0
Suppose 8*j - 40 = 13*j + 5*a, 3*j + 5*a = -16. Let r(p) = -p - 4. Calculate r(j).
8
Let q(p) = 19*p**2 - 19*p + 6. Let j(w) = 3*w**2 - 2*w. Let y(c) = 6*j(c) - q(c). Determine y(4).
6
Let r(a) be the third derivative of -2*a - 15*a**2 + 1/60*a**5 + 0 - 1/3*a**3 - 5/24*a**4. What is r(4)?
-6
Suppose -5*w = 4*l - 18, 4*w = 4*l + 25 + 11. Let u(d) = d**3 + 26*d**2 - 20*d**2 - 2*d**3 + 6. Give u(w).
6
Let y(u) be the third derivative of -4/3*u**3 + 0*u + 0 - 5*u**2 - 1/4*u**4 + 1/60*u**5. Give y(7).
-1
Let k(j) = -9 + j**3 - 42*j**2 + 53*j**2 + 8*j + j. What is k(-10)?
1
Let q = -555 - -555. Let h(i) be the second derivative of q - i**2 - 3*i + 2/3*i**3. What is h(2)?
6
Let y = 12 - 10. Let o(r) = y*r - r - 4 - 3*r + 0. Let d be o(-4). Let j(z) = z**3 - 3*z**2 - z - 3. What is j(d)?
9
Let s(p) = 0 - 3*p**2 + 4*p - 1 + 5*p. Let r(c) be the third derivative of -c**5/60 + c**4/6 - c**3/6 - 5*c**2 + 1. Let h(m) = -5*r(m) + 2*s(m). What is h(2)?
-5
Suppose 15 = 6*o - 9. Let t(y) = -7*y**3 + 2*y**2 + y + 4. Let a(k) = -7*k**3 + 2*k**2 + k + 5. Let h(w) = o*a(w) - 5*t(w). Determine h(-1).
-8
Let o be -3 + (-28)/(-8) + (-57)/(-38). Let m(w) be the first derivative of -3 + 1/2*w**o + 11*w. Calculate m(-6).
5
Let z(o) = 14*o - 55*o + 21*o + 19*o. What is z(3)?
-3
Let c(f) be the second derivative of -1/6*f**3 - 25*f + 0*f**2 - 2. Suppose 0 = -j + 4. Give c(j).
-4
Let w(v) be the first derivative of 2 - 1/2*v**2 + 6*v. Give w(6).
0
Let l(u) be the first derivative of u**3/3 + 7*u**2/2 + 5*u + 1. Let s(f) = 6*f - 2. Let g be s(1). Suppose 0 = -y + g - 10. Calculate l(y).
-1
Let b = 0 - 0. Let g(k) = -4 + 1 + k + b. Suppose -20*d = -8*d. What is g(d)?
-3
Suppose 0 + 5 = -p. Let m(r) = 13*r + 7. Let g(a) = -a - 1. Let u(h) = 3*h + 6. Let d(v) = 9*g(v) + u(v). Let t(q) = 9*d(q) + 4*m(q). What is t(p)?
11
Let d(r) = -4*r + 2. Let l = -1562 - -1560. Calculate d(l).
10
Let k(i) = i**2 + 2*i - 7. Let y be k(5). Let c(h) = 2*h + y - 29 - 8*h - h**2. Give c(-7).
-8
Let z(y) = -7*y**3 - 5*y**2 - 10*y - 6. Let r(j) = -3*j**3 - 3*j**2 - 4*j - 2. Let k(l) = 5*r(l) - 2*z(l). Suppose -q = -0*q + 5. What is k(q)?
2
Let x(d) = -2*d + 2. Let b be x(6). Let m(z) be the third derivative of 10*z**2 + 0*z - 1/60*z**5 - 5/12*z**4 + 0 + 2/3*z**3. Determine m(b).
4
Let k = -14 - -16. Let n(j) = j - 6*j + 2 - j**2 + k. Suppose 4*u = -2*z - 14, -4*u + 5*z - 3*z = 34. Give n(u).
-2
Suppose 3*i = -j + 22, 0*j + j - 2*i = -3. Let h be (j - 4)/(3/(-8)). Let a(n) = n**3 + 7*n**2 - 9*n - 5. Let r be a(h). Let b(d) = -d + 3. What is b(r)?
0
Let d(q) = q**3 - q**2 - 2*q + 4. Let w be d(1). Let j(c) = c**3 - 3*c**2 + 5. What is j(w)?
1
Let i(a) = 10*a**3 - 6*a**2 - 2*a. Let m(c) = -21*c**3 + 10*c**2 + 3*c. Let d(z) = -5*i(z) - 3*m(z). Calculate d(1).
14
Let s(i) = -5*i + 5. Let v(u) = -u. Let z(o) = s(o) - 6*v(o). Let c(d) = 4. Let t(q) = 6*c(q) - 5*z(q). Calculate t(-1).
4
Let v = 79 - 74. Let i(s) = -5*s. Let c(z) = -14*z + 1. Let n(j) = -4*c(j) + 11*i(j). What is n(v)?
1
Let t = 11 - 9. Let f = -2 - -4. Let i(d) = d**2 + f - d + d**3 - 4*d**t + 0*d**3. What is i(3)?
-1
Let n(d) = -d. Let m(q) = q**3 + 7*q**2 + 9*q + 9. Let w be 4 + (2 - (4 + 1)). Let v(l) = w*n(l) - m(l). Determine v(-6).
15
Let v(x) = -x**3 - 2*x**2 - 3*x. Suppose 0 = -2*a + 2*p + 12, -p = 3*a + 2*p - 12. Suppose 6*m - 3*m + 5*h = -11, a*m + 14 = -4*h. Determine v(m).
6
Let o(k) = 2*k + 2*k + 7*k - 6*k + k + 2. Give o(-3).
-16
Let r(q) = q**2 - 3*q - 5. Let f(p) = p**2 - 11*p + 4. Let w be f(5). Let k = 46 + w. Suppose -6*z + k = -2*z. Give r(z).
5
Suppose 6*l = -0*l + 144. Suppose -8 + l = 4*p. Let o(x) = 0*x + 3 + x - p. What is o(6)?
5
Let l(g) = -4*g - 34. Let a(h) = -h - 7. Let p(o) = 9*a(o) - 2*l(o). Give p(11).
-6
Let k = -97 - -105. Let o(p) = -11*p**3 - 14*p**2 - 29*p + 23. Let y(f) = 5*f**3 + 7*f**2 + 14*f - 11. Let q(u) = -6*o(u) - 13*y(u). Give q(k).
5
Let h(u) = -2*u - 4. Let a = -460 + 480. Let k = 14 + -30. Let y = k + a. Calculate h(y).
-12
Suppose -2*q = -k - 2*k - 25, 5*k + 33 = -q. Let j(t) = 9*t - 1. Let u(m) = -7*m - 1. Let d(v) = 2*j(v) + 3*u(v). Calculate d(k).
16
Let f(p) = p - 2. Let s = 141 + -23. Suppose -38 = 2*h - h + 3*y, s = -5*h + 3*y. Let z be h/7 - 18/63. Determine f(z).
-6
Let m(k) = -k - 31. Suppose 4*p + 2*f = 7 - 1, 3*p = 3*f - 9. Give m(p).
-31
Let n be (10/4)/((-6)/(-12)). Let c(z) = -16*z**3 - 10*z**2 - 2*z + 14. Let y(b) = 7*b**3 + 5*b**2 + b - 7. Let w(i) = -4*c(i) - 9*y(i). Calculate w(n).
2
Let z = -131 + 130. Let t(v) be the first derivative of 22*v**3/3 + 7. What is t(z)?
22
Let l(h) = 2*h**3 - 28*h**2 + 37*h - 20. Let y(p) = -p**3 + 14*p**2 - 19*p + 10. Let m(k) = -6*l(k) - 11*y(k). Give m(13).
10
Let f(v) = -59*v - 3*v**2 + 2*v**2 + 58*v. Let m(n) = -n**3 - 2*n**2 + 2*n + 2. Let a(x) = -f(x) + m(x). What is a(-2)?
0
Let x(g) = 4*g**2 - 6*g - 3. Let p(s) = -3*s**2 + 5*s + 4. Let t(i) = 3*p(i) + 2*x(i). Calculate t(5).
-4
Let o(k) be the third derivative of -k**4/12 + 23*k**3/6 - 2*k**2 - 289. Calculate o(9).
5
Let h(z) be the third derivative of -z**4/24 - 2*z**3/3 + 134*z**2. Determine h(11).
-15
Let y(k) = -k**2 - 7*k + 19. Let s be 5 + -7 + -7 + 1. Let r be y(s). Let w(d) = 5*d - r*d + 8*d. Give w(-2).
-4
Let n(u) = -u**3 + 8*u**2 - 3*u + 2*u**3 + u - 19 + 4*u**2. Let y be n(-12). Let s(d) = d**3 - 7*d**2 + 7*d + 1. Determine s(y).
-14
Let s(z) = -z**3 - 6*z**2 - 5*z - 6. Let d(g) = 21*g + 100. Let p be d(-5). Determine s(p).
-6
Let r be (-15)/(-4)*(-92)/(-69). Let h(f) = -8 + 3 - r*f - 1. Give h(-4).
14
Let x(v) = -v**3 - 6*v**2 + 3*v. Let r(c) = -2*c**2 - 29*c + 9. Let y be r(-15). Give x(y).
-18
Suppose x + 2 = -0. Let s(w) = 8*w**2 + 8*w - 1. Suppose -3*u = -2*u + 2. Let b(g) = 2*g**2 + 2*g. Let p(i) = u*s(i) + 9*b(i). What is p(x)?
6
Let h(v) = -6*v**2 - 7*v - 8. Let t(l) = 7*l**2 + 7*l + 10. Let b(o) = 6*h(o) + 5*t(o). Determine b(-8).
-6
Let f be 0 + (-4)/(16/(-12)). Let i(a) = 12 + a**3 + 8*a**2 - a - 15 - f. Give i(-8).
2
Let v(k) = -13*k**3 - k - 1. Suppose y - 5*q + 21 = 0, 4*q - 108 + 88 = 4*y. Calculate v(y).
13
Let t(d) = -d - 7. Let u be t(0). Let r(o) = -2*o**3 + 4*o**2 + 3*o - 2. Let f(q) = -5*q**3 + 7*q**2 + 7*q - 3. Let w(b) = 3*f(b) - 7*r(b). Determine w(u).
5
Let k(a) = -a + 1. Suppose 0*c + 279 = -3*c. Let x = c - -100. Give k(x).
-6
Let y(n) be the first derivative of -n**2/2 - n - 2. Suppose 0 = 88*x + 33 + 112 + 119. Calculate y(x).
2
Let a = 1 - 20. Let x be (a/(-5) + -3)*-5. Let m(y) = y**2 + 4*y - 4. Calculate m(x).
-4
Let f(p) = p**2 - 4*p + 4. Let a = -39 + 29. Let b be -2*a/12*(-9)/(-3). Calculate f(b).
9
Let x(g) = 3*g**2 - 12*g - 10. Let a be x(5). Let t be -2 - 120/(-36)*(-6)/a. Let o(c) = c**2 + 5*c - 4. Calculate o(t).
2
Let p(g) be the third derivative of -3*g**4/8 + 2*g**3/3 + 28*g**2 + 8. Give p(-1).
13
Let n(r) = -6*r**2 - 7*r - 345 + 341 + 6*r**2 - r**2. Let u(w) = -w**3 - 8*w**2 + 11*w + 12. Let i be u(-9). Calculate n(i).
2
Suppose 4*m = v + v - 26, 0 = v + 2*m + 7. Let j(f) = 6*f - 2. Let d(y) = -5*y + 2. Let i(a) = 3*d(a) + 2*j(a). Determine i(v).
-7
Let v(g) = -12*g + 9 + 15*g - 4*g - 21 - 11. What is v(10)?
-33
Let d(w) = -w - 2. Let n be (-2)/((3/2)/(-3)). Suppose 0 = 5*a - n + 29. Give d(a).
3
Let o be -5*(0 - -2)/(-4)*2. Let l(h) = -8*h**2 - 15*h - 26. Let w(y) = -3*y**2 - 5*y - 9. Let t(i) = 4*l(i) - 11*w(i). Determine t(o).
-5
Let b(f) = 24*f + 30. Let j(p) = -11*p - 14. Let h(z) = -6*b(z) - 13*j(z). Give h(8).
-6
Let v(p) be the second derivative of -4*p**3/3 - p**2 - 11*p + 1. What is v(-2)?
14
Let m(u) = 2*u - 1. Let l be (4/1)/(-1) - (-18)/2. Suppose 0 = l*x - 4 + 19. Give m(x).
-7
Let n(r) = r**2 + 0*r + 4*r - 6 + 1. Suppose -5*c + 0*u + 36 = 3*u, -2*c + 